 highest common divisor of 776 and 191284?
388
Calculate the highest common factor of 156192 and 96.
96
What is the greatest common divisor of 70068 and 12?
12
What is the highest common factor of 87725 and 203?
29
Calculate the highest common divisor of 15629 and 2.
1
Calculate the greatest common divisor of 27840 and 576.
192
Calculate the highest common divisor of 4888 and 22544.
8
Calculate the highest common factor of 510 and 67575.
255
What is the greatest common divisor of 180 and 67212?
36
What is the highest common factor of 75 and 8900?
25
What is the greatest common divisor of 7 and 2467801?
7
Calculate the greatest common divisor of 10654 and 238.
14
Calculate the highest common factor of 642 and 343898.
214
What is the highest common factor of 17736 and 252?
12
Calculate the highest common factor of 75 and 7530.
15
What is the greatest common divisor of 185 and 219817?
37
What is the highest common factor of 40562 and 238?
34
Calculate the greatest common divisor of 6824 and 2824.
8
What is the highest common factor of 50064 and 113687?
1043
Calculate the greatest common divisor of 8858 and 6592.
206
Calculate the greatest common divisor of 1025 and 22960.
205
What is the highest common factor of 99840 and 384?
384
What is the highest common factor of 188 and 2883074?
94
What is the highest common divisor of 3 and 53682?
3
Calculate the highest common divisor of 165094 and 2716.
194
Calculate the highest common divisor of 1686 and 20964.
6
What is the greatest common divisor of 676 and 10816?
676
Calculate the highest common factor of 20808 and 51.
51
What is the highest common factor of 998 and 458581?
499
Calculate the highest common divisor of 42636 and 4884.
132
Calculate the highest common factor of 13041 and 11983.
23
What is the highest common divisor of 7088081 and 1261?
1261
What is the greatest common divisor of 206646 and 33?
33
Calculate the greatest common factor of 67070 and 722.
38
What is the highest common factor of 21216 and 408096?
1248
What is the highest common divisor of 22870 and 10?
10
Calculate the highest common factor of 2119 and 25818.
13
Calculate the highest common divisor of 3977 and 85567.
41
Calculate the highest common divisor of 2320 and 440.
40
Calculate the highest common factor of 271218 and 204.
102
Calculate the highest common divisor of 286 and 183326.
286
What is the highest common factor of 165 and 3459?
3
What is the highest common factor of 5 and 25824?
1
What is the highest common factor of 103313 and 350?
7
Calculate the greatest common factor of 14190 and 35310.
330
What is the greatest common divisor of 132849 and 261?
261
Calculate the highest common factor of 2 and 2117.
1
Calculate the highest common divisor of 6 and 4160.
2
Calculate the greatest common factor of 827 and 3347696.
827
What is the greatest common divisor of 2546 and 29336?
38
Calculate the highest common divisor of 306383 and 207.
23
Calculate the highest common factor of 3640 and 50440.
520
What is the highest common factor of 5330 and 198120?
130
What is the highest common factor of 428 and 380278?
214
Calculate the highest common factor of 973 and 21434.
7
What is the greatest common divisor of 1696 and 1760?
32
Calculate the highest common divisor of 4940 and 4990635.
1235
What is the greatest common factor of 21168 and 7840?
784
Calculate the highest common divisor of 112 and 380184.
56
What is the highest common factor of 4675 and 816?
17
What is the greatest common factor of 39712 and 16279?
73
Calculate the greatest common divisor of 7047 and 6156.
81
Calculate the greatest common divisor of 9816 and 766875.
1227
What is the greatest common factor of 26 and 22438?
26
Calculate the highest common factor of 55 and 19195.
55
What is the greatest common divisor of 346 and 263306?
346
Calculate the highest common factor of 10 and 54455.
5
What is the highest common factor of 2124 and 141364?
236
What is the highest common divisor of 19921 and 905500?
1811
Calculate the highest common factor of 78 and 3198.
78
What is the greatest common divisor of 44 and 407?
11
What is the highest common divisor of 4660675 and 50?
25
What is the greatest common divisor of 70 and 1208648?
14
What is the highest common factor of 244 and 1043161?
61
What is the greatest common factor of 154289 and 18938?
557
Calculate the greatest common factor of 78808 and 72.
8
Calculate the greatest common factor of 1696 and 131808.
32
Calculate the greatest common divisor of 94 and 466851.
47
What is the greatest common divisor of 65 and 247975?
65
What is the highest common divisor of 21 and 56217?
21
Calculate the greatest common divisor of 1136 and 1200.
16
What is the highest common factor of 266 and 11438?
266
Calculate the highest common factor of 2595420 and 108.
36
Calculate the highest common factor of 143487 and 894.
447
What is the greatest common factor of 5247 and 611567?
583
Calculate the highest common divisor of 20 and 10372.
4
Calculate the highest common factor of 32909 and 1.
1
Calculate the highest common factor of 1305 and 1885.
145
Calculate the highest common factor of 8304 and 42039.
519
Calculate the greatest common divisor of 23454 and 72.
18
Calculate the greatest common factor of 356 and 258278.
178
What is the greatest common factor of 6341 and 17?
17
What is the greatest common factor of 4712 and 11096?
152
What is the greatest common divisor of 1434231 and 444?
111
What is the greatest common divisor of 184576 and 22351?
721
Calculate the greatest common divisor of 65988 and 63.
9
What is the greatest common factor of 2052 and 33156?
108
What is the highest common factor of 326245 and 710?
355
Calculate the highest common factor of 7455 and 240.
15
Calculate the greatest common divisor of 708 and 2892.
12
What is the greatest common factor of 2230270 and 1510?
1510
Calculate the highest common divisor of 3286 and 3763.
53
Calculate the highest common divisor of 2505907 and 236.
59
Calculate the greatest common factor of 3277 and 40339.
29
Calculate the highest common divisor of 80094 and 28.
14
Calculate the highest common factor of 2018941 and 358.
179
What is the greatest common divisor of 15026 and 220?
22
What is the highest common factor of 11546 and 65762?
502
Calculate the greatest common factor of 105791 and 2975.
119
What is the highest common factor of 5054 and 126?
14
Calculate the highest common factor of 4258 and 16.
2
Calculate the greatest common factor of 1106 and 23858.
158
Calculate the highest common factor of 784 and 673440.
16
Calculate the greatest common factor of 539292 and 1716.
156
Calculate the greatest common divisor of 27335 and 1085.
35
What is the highest common divisor of 1280 and 4528?
16
What is the highest common factor of 5539 and 5220?
29
Calculate the highest common divisor of 190 and 333735.
95
What is the greatest common factor of 24144 and 72?
24
Calculate the highest common factor of 10994 and 5612.
46
Calculate the greatest common factor of 506 and 122498.
46
Calculate the greatest common divisor of 1200 and 24.
24
Calculate the greatest common factor of 224 and 1744.
16
What is the highest common divisor of 560 and 74560?
80
What is the greatest common factor of 1095252 and 2568?
1284
What is the highest common divisor of 1341 and 51405?
447
Calculate the highest common factor of 25132 and 244.
244
What is the greatest common factor of 339520 and 320?
320
What is the greatest common divisor of 5846 and 8473?
37
What is the greatest common factor of 8736 and 36582?
546
What is the greatest common factor of 2989 and 18277?
49
Calculate the highest common divisor of 76 and 113924.
76
Calculate the greatest common factor of 77 and 56266.
7
Calculate the greatest common factor of 25 and 183725.
25
What is the highest common factor of 38376 and 82?
82
Calculate the highest common divisor of 379 and 1692993.
379
Calculate the highest common factor of 73 and 3943095.
73
Calculate the highest common divisor of 9114 and 4650.
186
Calculate the greatest common divisor of 46352 and 16.
16
Calculate the greatest common factor of 242957 and 39.
13
What is the highest common divisor of 30 and 338410?
10
What is the highest common factor of 4869 and 26509?
541
Calculate the highe